0010?
-112002
In base 6, what is -1 - -15?
14
In base 15, what is 1e4 + -4?
1e0
In base 10, what is -2 - -512?
510
In base 8, what is -14623 - -4?
-14617
In base 6, what is 2 - 205?
-203
In base 3, what is 10021 - 12?
10002
In base 16, what is -d - c?
-19
In base 7, what is 1360 + 14?
1404
In base 14, what is 20 + 24?
44
In base 8, what is 2 - 253?
-251
In base 5, what is -3431 - 2?
-3433
In base 16, what is -634 - -3?
-631
In base 5, what is -11403 - -2?
-11401
In base 3, what is -10 + -1212001?
-1212011
In base 13, what is 3 + -bb1?
-bab
In base 9, what is -6 + -36?
-43
In base 14, what is -20 + -4?
-24
In base 16, what is -68 - -b1?
49
In base 5, what is 2 - 2243?
-2241
In base 6, what is -23 + -4?
-31
In base 3, what is 11 - -1012001?
1012012
In base 12, what is 4 - 165?
-161
In base 4, what is 103 + 1030?
1133
In base 14, what is -44 - -1?
-43
In base 12, what is 13 - -a?
21
In base 2, what is -1001100110 - -1?
-1001100101
In base 8, what is 10 + 0?
10
In base 3, what is 10 + -1222?
-1212
In base 5, what is -3 - 0?
-3
In base 3, what is -1 + -1122?
-1200
In base 12, what is -4 + 713?
70b
In base 15, what is -187 - 5?
-18c
In base 3, what is 12 + -1011?
-222
In base 13, what is -5 + 417?
412
In base 11, what is -5 - 3821?
-3826
In base 7, what is -24 - 103?
-130
In base 3, what is 221 + -110?
111
In base 5, what is -10 - 13?
-23
In base 5, what is 30 + 2?
32
In base 2, what is 1 - 111011?
-111010
In base 16, what is -4 + -9b?
-9f
In base 3, what is -20 + 21?
1
In base 12, what is -1994 + -3?
-1997
In base 10, what is 2 - 69?
-67
In base 4, what is -32331 - 13?
-33010
In base 2, what is 1000000 + -11?
111101
In base 13, what is -15 + -47?
-5c
In base 4, what is 3 - 102?
-33
In base 5, what is 11110 + -11?
11044
In base 7, what is 53 + 2?
55
In base 10, what is 3 - 0?
3
In base 11, what is 5 + 1551?
1556
In base 10, what is -827 + 10?
-817
In base 8, what is -4 + -1572?
-1576
In base 9, what is -188 + 2?
-186
In base 10, what is 969 - 3?
966
In base 10, what is -5 + -279?
-284
In base 15, what is 2bb + 7?
2c3
In base 9, what is -1211 - 0?
-1211
In base 7, what is 35 - -2?
40
In base 2, what is -1001000 + 110?
-1000010
In base 8, what is -621 + -2?
-623
In base 2, what is 10 + 100111101?
100111111
In base 6, what is 0 - -45230?
45230
In base 15, what is -16 - -ee?
d8
In base 16, what is 4 - f?
-b
In base 2, what is 100 + -10001011?
-10000111
In base 2, what is 10 + -1001?
-111
In base 11, what is 52 + 51?
a3
In base 4, what is 2110020 + 10?
2110030
In base 14, what is 3 - 438?
-435
In base 13, what is -a4 - 19?
-c0
In base 6, what is 5 + 544?
553
In base 5, what is 41 - -11?
102
In base 12, what is 7272 + 5?
7277
In base 7, what is 4 + 522?
526
In base 2, what is 110 - 1011010?
-1010100
In base 14, what is 49 - 2?
47
In base 10, what is 660 + -2?
658
In base 7, what is -3 - 120?
-123
In base 12, what is 2242 + 3?
2245
In base 12, what is 1 - -b6?
b7
In base 13, what is -10 - 11?
-21
In base 4, what is 30 + 133?
223
In base 12, what is 1082 - -1?
1083
In base 16, what is -65 - -5?
-60
In base 9, what is 4280 - 3?
4276
In base 8, what is 5 - 33?
-26
In base 8, what is 24746 + 1?
24747
In base 10, what is -5 - 876?
-881
In base 7, what is 12 - -246?
261
In base 6, what is -4 - -205?
201
In base 4, what is -203 - -10213?
10010
In base 9, what is -704 - 1?
-705
In base 6, what is 2 + 5140?
5142
In base 13, what is 2 + -c7?
-c5
In base 16, what is -661 + 0?
-661
In base 6, what is 130414 + 1?
130415
In base 6, what is 5153 - 3?
5150
In base 11, what is 3910 - 3?
3908
In base 11, what is 1 + -36?
-35
In base 12, what is -5 + 1192?
1189
In base 10, what is -2 - 942?
-944
In base 15, what is 4 + -1b2e?
-1b2a
In base 6, what is 2 - -4520?
4522
In base 16, what is 203e - 5?
2039
In base 5, what is 4 - -433?
442
In base 12, what is 346 - 3?
343
In base 12, what is -18 - 0?
-18
In base 15, what is -1 - -33b?
33a
In base 8, what is 472 - 2?
470
In base 7, what is -1550 + 2?
-1545
In base 10, what is -3 - 232?
-235
In base 4, what is -2 + 3320?
3312
In base 8, what is 5 + 21?
26
In base 7, what is 46 - 45?
1
In base 3, what is -102 - -1010?
201
In base 4, what is -1 - 113100?
-113101
In base 5, what is 2133 + -22?
2111
In base 11, what is 5 - 1994?
-198a
In base 5, what is -2 - -402?
400
In base 3, what is 2 + -111010?
-111001
In base 5, what is 1102 - -1240?
2342
In base 10, what is -1787 + 2?
-1785
In base 11, what is 23a + 1?
240
In base 3, what is 11 - 20211?
-20200
In base 14, what is 8d - -30?
bd
In base 10, what is -189 + 0?
-189
In base 10, what is -2 - -38?
36
In base 12, what is -1 + 1a?
19
In base 4, what is -3013332 + 1?
-3013331
In base 15, what is -3 + -35?
-38
In base 14, what is 1 + -86?
-85
In base 16, what is -2 + -1e1?
-1e3
In base 16, what is -1c7 - 5?
-1cc
In base 4, what is 12 - -11?
23
In base 11, what is 91 - -26?
107
In base 8, what is -277 + 1?
-276
In base 15, what is 2c2 - -2?
2c4
In base 15, what is 1ac3 - 2?
1ac1
In base 2, what is -10111 - 10?
-11001
In base 16, what is 11 - -101?
112
In base 15, what is 11a + 4?
11e
In base 6, what is -2 + -3?
-5
In base 6, what is -5 - -2145?
2140
In base 7, what is 5 + -325?
-320
In base 6, what is -501 - -53?
-404
In base 14, what is 13 - 44?
-31
In base 10, what is -574 + 2?
-572
In base 7, what is -2 + 2021?
2016
In base 13, what is 7 + 16?
20
In base 2, what is -100 + -101000?
-101100
In base 9, what is 27 + -21?
6
In base 5, what is 2224 - -20?
2244
In base 11, what is -3 - 63?
-66
In base 10, what is -6 - 27?
-33
In base 13, what is 2 - -50?
52
In base 12, what is -2430 + -5?
-2435
In base 4, what is 103322 - -13?
110001
In base 13, what is 44 + -7?
3a
In base 5, what is -3 + -10?
-13
In base 6, what is 5253 + 1?
5254
In base 5, what is -31110 - 14?
-31124
In base 3, what is 10 + 1202220?
1210000
In base 5, what is 10 - -1332?
1342
In base 12, what is -4058 + 0?
-4058
In base 3, what is -2 - 1211112?
-1211121
In base 10, what is -5021 + -5?
-5026
In base 5, what is -241 - -2?
-234
In base 7, what is -224 + -20?
-244
In base 2, what is 11000 + 101?
11101
In base 12, what is 113 + 55?
168
In base 11, what is -140 - 0?
-140
In base 6, what is -11252 + 1?
-11251
In base 9, what is 4 + 12334?
12338
In base 7, what is -5 - 5031?
-5036
In base 11, what is 1 + -a0?
-9a
In base 6, what is -41 - 4?
-45
In base 3, what is 11102 - -101?
11210
In base 14, what is -3 - -16?
13
In base 3, what is -20 + -211212?
-212002
In base 15, what is -44a0 - 3?
-44a3
In base 16, what is b1 + 19?
ca
In base 12, what is 0 - -127?
127
In base 5, what is 4 + 111?
120
In base 14, what is -1d7 - -3?
-1d4
In base 15, what is a3 - -6?
a9
In base 2, what is -1011111 + 110?
-1011001
In base 14, what is -c + -1?
-d
In base 14, what is 1b + -9b?
-80
In base 10, what is -8 + 368?
360
In base 4, what is -11 + -112012?
-112023
In base 3, what is -1221 - -10?
-1211
In base 14, what is -1 + 2bd?
2bc
In base 16, what is -c0b + -4?
-c0f
In base 11, what is -26 + -29?
-54
In base 13, what is -5 + 45?
40
In base 6, what is -31 - 3?
-34
In base 15, what is -5 - -408?
403
In base 7, what is 356 + 50?
436
In base 4, what is -121030 - -1?
-121023
In base 11, what is -4 - -639?
635
In base 4, what is 31321 + -10?
31311
In base 10, what is 3048 - 3?
3045
In base 14, what is -2 + 78?
76
In base 9, what is 625 + 3?
628
In base 6, what is 2122 + 2?
2124
In base 7, what is -125 - 16?
-144
In base 2, what is -100 + -110110?
-111010
In base 12, what is 406 - -4?
40a
In base 13, what is 152a - -5?
1532
In base 8, what is -13 + 54?
41
In base 12, what is -a7 - 68?
-153
In base 2, what is 1011 + -100?
111
In base 4, what is 13021103 + -1?
13021102
In base 6, what is -2334 + 4?
-2330
In base 7, what is -1001 - -11?
-660
In base 5, what is 141010 + 3?
141013
In base 2, what is -100 + 101010000?
101001100
In base 11, what is 309 - 5?
304
In base 11, what is -870 - -4?
-867
In base 2, what is 10 + -1000?
-110
In base 13, what is -83c + -4?
-843
In base 11, what is -2043 + 0?
-2043
In base 7, what is -4 - 34?
-41
In base 8, what is 1434 - 2?
1432
In base 14, what is -51d + -5?
-524
In base 5, what is -10 - 440?
-1000
In base 16, what is 1f9 - 3?
1f6
In base 16, what is -10 - 28?
-38
In base 13, what is -5 - -23?
1b
In base 4, what is 33021 + -1?
